{"id":3875,"date":"2019-09-09T16:32:48","date_gmt":"2019-09-09T14:32:48","guid":{"rendered":"https:\/\/www.chateaumarjolet.com\/?post_type=product&#038;p=3875"},"modified":"2020-01-27T15:45:54","modified_gmt":"2020-01-27T14:45:54","slug":"cotes-du-rhone-rose","status":"publish","type":"product","link":"https:\/\/www.chateaumarjolet.com\/index.php\/product\/cotes-du-rhone-rose\/","title":{"rendered":"C\u00f4tes du Rh\u00f4ne <br>Ros\u00e9"},"content":{"rendered":"<div class=\"wpb-content-wrapper\"><p>[vc_row][vc_column][vc_column_text]<\/p>\n<h4>Vin frais en bouche avec une jolie persistance aromatique, parfait pour accompagner une assiette de jambon cru et de melon ou encore des brochettes.<\/h4>\n<p>[\/vc_column_text][\/vc_column][\/vc_row][vc_row][vc_column][vc_tta_accordion shape=\u00a0\u00bbsquare\u00a0\u00bb color=\u00a0\u00bbwhite\u00a0\u00bb c_icon=\u00a0\u00bbchevron\u00a0\u00bb c_position=\u00a0\u00bbright\u00a0\u00bb active_section=\u00a0\u00bb\u00a0\u00bb collapsible_all=\u00a0\u00bbtrue\u00a0\u00bb][vc_tta_section i_type=\u00a0\u00bbdiwine\u00a0\u00bb add_icon=\u00a0\u00bbtrue\u00a0\u00bb title=\u00a0\u00bbNotes de D\u00e9gustation\u00a0\u00bb tab_id=\u00a0\u00bbacrdn-001&Prime;][vc_column_text]<\/p>\n<h6><span style=\"color: #dda759;\">Robe<\/span><\/h6>\n<p>Robe color\u00e9e, pourpre avec des reflets cuivr\u00e9s.<\/p>\n<h6><span style=\"color: #dda759;\">Ar\u00f4mes<\/span><\/h6>\n<p>Nez intense d&rsquo;ar\u00f4mes de framboise et d&rsquo;autres fruits rouges assez m\u00fbrs.<\/p>\n<h6><span style=\"color: #dda759;\">Palais<\/span><\/h6>\n<p>Belle fra\u00eecheur en bouche, avec une jolie persistance aromatique.[\/vc_column_text][\/vc_tta_section][vc_tta_section i_type=\u00a0\u00bbdiwine\u00a0\u00bb i_icon_diwine=\u00a0\u00bboic-diwine1-037-grapes\u00a0\u00bb add_icon=\u00a0\u00bbtrue\u00a0\u00bb title=\u00a0\u00bbVinification\u00a0\u00bb tab_id=\u00a0\u00bbaccrdn-002&Prime;][vc_column_text]Ce vin est obtenu par saign\u00e9e.[\/vc_column_text][\/vc_tta_section][vc_tta_section i_type=\u00a0\u00bbdiwine\u00a0\u00bb i_icon_diwine=\u00a0\u00bboic-diwine1-012-wine-5&Prime; add_icon=\u00a0\u00bbtrue\u00a0\u00bb title=\u00a0\u00bbInformations Techniques\u00a0\u00bb tab_id=\u00a0\u00bbaccrdn-003&Prime;][vc_column_text]<\/p>\n<h6><span style=\"vertical-align: inherit; color: #dda759;\"><span style=\"vertical-align: inherit;\">Appellation<\/span><\/span><\/h6>\n<p><span style=\"vertical-align: inherit;\">C\u00f4tes du Rh\u00f4ne<\/span><\/p>\n<h6><span style=\"vertical-align: inherit; color: #dda759;\"><span style=\"vertical-align: inherit;\">Mill\u00e9sime<\/span><\/span><\/h6>\n<p><span style=\"vertical-align: inherit;\">2019<\/span><\/p>\n<h6><span style=\"vertical-align: inherit; color: #dda759;\"><span style=\"vertical-align: inherit;\">C\u00e9page<\/span><\/span><\/h6>\n<p>60% Grenache et 40% Cinsault<\/p>\n<h6><span style=\"color: #dda759;\">Maturation<\/span><\/h6>\n<p>2 Ans.<\/p>\n<h6><span style=\"vertical-align: inherit; color: #dda759;\">Temp\u00e9rature de service<\/span><\/h6>\n<p><span style=\"vertical-align: inherit;\">10 \u00e0 12 \u00b0C<\/span><\/p>\n<h6><span style=\"color: #dda759;\">Alcool (% vol.)<\/span><\/h6>\n<p>13%[\/vc_column_text][\/vc_tta_section][vc_tta_section i_type=\u00a0\u00bbdiwine\u00a0\u00bb i_icon_diwine=\u00a0\u00bboic-diwine1-033-wine-tasting\u00a0\u00bb add_icon=\u00a0\u00bbtrue\u00a0\u00bb title=\u00a0\u00bbAccompagnement\u00a0\u00bb tab_id=\u00a0\u00bb1564060057367-8eeec474-3b53&Prime;][vc_column_text]<span style=\"vertical-align: inherit;\">A d\u00e9guster accompagn\u00e9 de jambon cru, melon, brochettes, tomates farcies.<\/span>[\/vc_column_text][\/vc_tta_section][vc_tta_section i_type=\u00a0\u00bbdiwine\u00a0\u00bb i_icon_diwine=\u00a0\u00bboic-diwine1-048-field\u00a0\u00bb add_icon=\u00a0\u00bbtrue\u00a0\u00bb title=\u00a0\u00bbTerroir\u00a0\u00bb tab_id=\u00a0\u00bb1564063966980-50868eb9-f717&Prime;][vc_column_text]Argilo calcaire[\/vc_column_text][\/vc_tta_section][\/vc_tta_accordion][\/vc_column][\/vc_row]<\/p>\n<\/div>","protected":false},"excerpt":{"rendered":"<p>[vc_row][vc_column][vc_column_text] Vin frais en bouche avec une jolie persistance aromatique, parfait pour accompagner une assiette de jambon cru et de melon ou encore des brochettes. [\/vc_column_text][\/vc_column][\/vc_row][vc_row][vc_column][vc_tta_accordion shape=\u00a0\u00bbsquare\u00a0\u00bb color=\u00a0\u00bbwhite\u00a0\u00bb c_icon=\u00a0\u00bbchevron\u00a0\u00bb c_position=\u00a0\u00bbright\u00a0\u00bb [&hellip;]<\/p>\n","protected":false},"featured_media":3644,"template":"","meta":[],"product_cat":[59],"product_tag":[],"class_list":{"0":"post-3875","1":"product","2":"type-product","3":"status-publish","4":"has-post-thumbnail","6":"product_cat-rose","7":"has_thumb","8":null,"10":"first","11":"instock","12":"featured","13":"shipping-taxable","14":"product-type-simple"},"aioseo_notices":[],"_links":{"self":[{"href":"https:\/\/www.chateaumarjolet.com\/index.php\/wp-json\/wp\/v2\/product\/3875","targetHints":{"allow":["GET"]}}],"collection":[{"href":"https:\/\/www.chateaumarjolet.com\/index.php\/wp-json\/wp\/v2\/product"}],"about":[{"href":"https:\/\/www.chateaumarjolet.com\/index.php\/wp-json\/wp\/v2\/types\/product"}],"wp:featuredmedia":[{"embeddable":true,"href":"https:\/\/www.chateaumarjolet.com\/index.php\/wp-json\/wp\/v2\/media\/3644"}],"wp:attachment":[{"href":"https:\/\/www.chateaumarjolet.com\/index.php\/wp-json\/wp\/v2\/media?parent=3875"}],"wp:term":[{"taxonomy":"product_cat","embeddable":true,"href":"https:\/\/www.chateaumarjolet.com\/index.php\/wp-json\/wp\/v2\/product_cat?post=3875"},{"taxonomy":"product_tag","embeddable":true,"href":"https:\/\/www.chateaumarjolet.com\/index.php\/wp-json\/wp\/v2\/product_tag?post=3875"}],"curies":[{"name":"wp","href":"https:\/\/api.w.org\/{rel}","templated":true}]}}

Côtes du Rhône <br>Rosé

<div class="wpb-content-wrapper"><p>[vc_row][vc_column][vc_column_text]</p>
<h4>Vin frais en bouche avec une jolie persistance aromatique, parfait pour accompagner une assiette de jambon cru et de melon ou encore des brochettes.</h4>
<p>[/vc_column_text][/vc_column][/vc_row][vc_row][vc_column][vc_tta_accordion shape= »square » color= »white » c_icon= »chevron » c_position= »right » active_section= » » collapsible_all= »true »][vc_tta_section i_type= »diwine » add_icon= »true » title= »Notes de Dégustation » tab_id= »acrdn-001&Prime;][vc_column_text]</p>
<h6><span style="color: #dda759;">Robe</span></h6>
<p>Robe colorée, pourpre avec des reflets cuivrés.</p>
<h6><span style="color: #dda759;">Arômes</span></h6>
<p>Nez intense d&rsquo;arômes de framboise et d&rsquo;autres fruits rouges assez mûrs.</p>
<h6><span style="color: #dda759;">Palais</span></h6>
<p>Belle fraîcheur en bouche, avec une jolie persistance aromatique.[/vc_column_text][/vc_tta_section][vc_tta_section i_type= »diwine » i_icon_diwine= »oic-diwine1-037-grapes » add_icon= »true » title= »Vinification » tab_id= »accrdn-002&Prime;][vc_column_text]Ce vin est obtenu par saignée.[/vc_column_text][/vc_tta_section][vc_tta_section i_type= »diwine » i_icon_diwine= »oic-diwine1-012-wine-5&Prime; add_icon= »true » title= »Informations Techniques » tab_id= »accrdn-003&Prime;][vc_column_text]</p>
<h6><span style="vertical-align: inherit; color: #dda759;"><span style="vertical-align: inherit;">Appellation</span></span></h6>
<p><span style="vertical-align: inherit;">Côtes du Rhône</span></p>
<h6><span style="vertical-align: inherit; color: #dda759;"><span style="vertical-align: inherit;">Millésime</span></span></h6>
<p><span style="vertical-align: inherit;">2019</span></p>
<h6><span style="vertical-align: inherit; color: #dda759;"><span style="vertical-align: inherit;">Cépage</span></span></h6>
<p>60% Grenache et 40% Cinsault</p>
<h6><span style="color: #dda759;">Maturation</span></h6>
<p>2 Ans.</p>
<h6><span style="vertical-align: inherit; color: #dda759;">Température de service</span></h6>
<p><span style="vertical-align: inherit;">10 à 12 °C</span></p>
<h6><span style="color: #dda759;">Alcool (% vol.)</span></h6>
<p>13%[/vc_column_text][/vc_tta_section][vc_tta_section i_type= »diwine » i_icon_diwine= »oic-diwine1-033-wine-tasting » add_icon= »true » title= »Accompagnement » tab_id= »1564060057367-8eeec474-3b53&Prime;][vc_column_text]<span style="vertical-align: inherit;">A déguster accompagné de jambon cru, melon, brochettes, tomates farcies.</span>[/vc_column_text][/vc_tta_section][vc_tta_section i_type= »diwine » i_icon_diwine= »oic-diwine1-048-field » add_icon= »true » title= »Terroir » tab_id= »1564063966980-50868eb9-f717&Prime;][vc_column_text]Argilo calcaire[/vc_column_text][/vc_tta_section][/vc_tta_accordion][/vc_column][/vc_row]</p>
</div>
