{"id":3871,"date":"2019-09-09T16:20:45","date_gmt":"2019-09-09T14:20:45","guid":{"rendered":"https:\/\/www.chateaumarjolet.com\/?post_type=product&#038;p=3871"},"modified":"2020-01-27T15:51:43","modified_gmt":"2020-01-27T14:51:43","slug":"cotes-du-rhone-blanc","status":"publish","type":"product","link":"https:\/\/www.chateaumarjolet.com\/index.php\/product\/cotes-du-rhone-blanc\/","title":{"rendered":"C\u00f4tes du Rh\u00f4ne <br>Blanc"},"content":{"rendered":"<div class=\"wpb-content-wrapper\"><p>[vc_row][vc_column][vc_column_text]<\/p>\n<h4>Notre Blanc au nez complexe de fruits \u00e0 fleur blanche et fleur jaune est parfait pour accompagner les poissons chauds \u00e0 la cr\u00e8me, les viandes blanches ainsi que les asperges.<\/h4>\n<p>[\/vc_column_text][\/vc_column][\/vc_row][vc_row][vc_column][vc_tta_accordion shape=\u00a0\u00bbsquare\u00a0\u00bb color=\u00a0\u00bbwhite\u00a0\u00bb c_icon=\u00a0\u00bbchevron\u00a0\u00bb c_position=\u00a0\u00bbright\u00a0\u00bb active_section=\u00a0\u00bb\u00a0\u00bb collapsible_all=\u00a0\u00bbtrue\u00a0\u00bb][vc_tta_section i_type=\u00a0\u00bbdiwine\u00a0\u00bb add_icon=\u00a0\u00bbtrue\u00a0\u00bb title=\u00a0\u00bbNotes de D\u00e9gustation\u00a0\u00bb tab_id=\u00a0\u00bb1565013113520-5cbd374b-51c5&Prime;][vc_column_text]<\/p>\n<h6><span style=\"color: #dda759;\">Robe<\/span><\/h6>\n<p>Belle robe limpide aux reflets dor\u00e9s.<\/p>\n<h6><span style=\"color: #dda759;\">Ar\u00f4mes<\/span><\/h6>\n<p>Nez complexe de fruits \u00e0 fleur blanche, de fleur jaune et quelques notes anis\u00e9es.<\/p>\n<h6><span style=\"color: #dda759;\">Palais<\/span><\/h6>\n<p>Belle attaque en bouche, c&rsquo;est un vin rond, fin, avec un tr\u00e8s joli \u00e9quilibre.[\/vc_column_text][\/vc_tta_section][vc_tta_section i_type=\u00a0\u00bbdiwine\u00a0\u00bb i_icon_diwine=\u00a0\u00bboic-diwine1-037-grapes\u00a0\u00bb add_icon=\u00a0\u00bbtrue\u00a0\u00bb title=\u00a0\u00bbVinification\u00a0\u00bb tab_id=\u00a0\u00bb1565013357677-7d71d311-0641&Prime;][vc_column_text]Ce vin est obtenu par press\u00e9e directe, fermentation Malo-lactique non faite afin de garder un maximum d&rsquo;acidit\u00e9.<\/p>\n<p>[\/vc_column_text][\/vc_tta_section][vc_tta_section i_type=\u00a0\u00bbdiwine\u00a0\u00bb i_icon_diwine=\u00a0\u00bboic-diwine1-031-barrel-1&Prime; add_icon=\u00a0\u00bbtrue\u00a0\u00bb title=\u00a0\u00bbInformations Techniques\u00a0\u00bb tab_id=\u00a0\u00bbaccrdn-003&Prime;][vc_column_text]<\/p>\n<h6><span style=\"color: #dda759;\">Appellation<\/span><\/h6>\n<p>C\u00f4tes du Rh\u00f4ne<\/p>\n<h6><span style=\"color: #dda759;\">C\u00e9page<\/span><\/h6>\n<p>60% Roussane, 40% Viognier<\/p>\n<h6><span style=\"color: #dda759;\">Maturation<\/span><\/h6>\n<p>2 Ans<\/p>\n<h6><span style=\"color: #dda759;\">Temp\u00e9rature de service<\/span><\/h6>\n<p>10 \u00e0 12\u00b0C<\/p>\n<h6><span style=\"color: #dda759;\">Alcool (% vol.)<\/span><\/h6>\n<p>13%[\/vc_column_text][\/vc_tta_section][vc_tta_section i_type=\u00a0\u00bbdiwine\u00a0\u00bb i_icon_diwine=\u00a0\u00bboic-diwine1-033-wine-tasting\u00a0\u00bb add_icon=\u00a0\u00bbtrue\u00a0\u00bb title=\u00a0\u00bbAccompagnement\u00a0\u00bb tab_id=\u00a0\u00bb1565013553611-2ad2298d-b521&Prime;][vc_column_text]Parfait pour accompagner les poissons chauds \u00e0 la cr\u00e8me, les viandes blanches et les asperges.[\/vc_column_text][\/vc_tta_section][vc_tta_section i_type=\u00a0\u00bbdiwine\u00a0\u00bb i_icon_diwine=\u00a0\u00bboic-diwine1-048-field\u00a0\u00bb add_icon=\u00a0\u00bbtrue\u00a0\u00bb title=\u00a0\u00bbTerroir\u00a0\u00bb tab_id=\u00a0\u00bb1565013659395-3793c7f1-40ca\u00a0\u00bb][vc_column_text]Argilo-calcaire[\/vc_column_text][\/vc_tta_section][\/vc_tta_accordion][\/vc_column][\/vc_row]<\/p>\n<\/div>","protected":false},"excerpt":{"rendered":"<p>[vc_row][vc_column][vc_column_text] Notre Blanc au nez complexe de fruits \u00e0 fleur blanche et fleur jaune est parfait pour accompagner les poissons chauds \u00e0 la cr\u00e8me, les viandes blanches ainsi que les [&hellip;]<\/p>\n","protected":false},"featured_media":3759,"template":"","meta":[],"product_cat":[172],"product_tag":[],"class_list":{"0":"post-3871","1":"product","2":"type-product","3":"status-publish","4":"has-post-thumbnail","6":"product_cat-blanc","7":"has_thumb","8":null,"10":"first","11":"instock","12":"featured","13":"shipping-taxable","14":"product-type-simple"},"aioseo_notices":[],"_links":{"self":[{"href":"https:\/\/www.chateaumarjolet.com\/index.php\/wp-json\/wp\/v2\/product\/3871","targetHints":{"allow":["GET"]}}],"collection":[{"href":"https:\/\/www.chateaumarjolet.com\/index.php\/wp-json\/wp\/v2\/product"}],"about":[{"href":"https:\/\/www.chateaumarjolet.com\/index.php\/wp-json\/wp\/v2\/types\/product"}],"wp:featuredmedia":[{"embeddable":true,"href":"https:\/\/www.chateaumarjolet.com\/index.php\/wp-json\/wp\/v2\/media\/3759"}],"wp:attachment":[{"href":"https:\/\/www.chateaumarjolet.com\/index.php\/wp-json\/wp\/v2\/media?parent=3871"}],"wp:term":[{"taxonomy":"product_cat","embeddable":true,"href":"https:\/\/www.chateaumarjolet.com\/index.php\/wp-json\/wp\/v2\/product_cat?post=3871"},{"taxonomy":"product_tag","embeddable":true,"href":"https:\/\/www.chateaumarjolet.com\/index.php\/wp-json\/wp\/v2\/product_tag?post=3871"}],"curies":[{"name":"wp","href":"https:\/\/api.w.org\/{rel}","templated":true}]}}